he remainder when 5754389 is divided by 34?
25
What is the remainder when 155169 is divided by 164?
25
Calculate the remainder when 161597 is divided by 39163.
4945
What is the remainder when 15474214 is divided by 97?
95
Calculate the remainder when 28583801 is divided by 23.
22
What is the remainder when 11381 is divided by 2137?
696
Calculate the remainder when 1611872385 is divided by 852.
849
What is the remainder when 685330 is divided by 4284?
4174
What is the remainder when 75774071 is divided by 775?
771
What is the remainder when 106260303 is divided by 17?
1
What is the remainder when 25906845 is divided by 33689?
4
What is the remainder when 33806418 is divided by 153?
150
Calculate the remainder when 8320771 is divided by 223.
195
What is the remainder when 210975 is divided by 210384?
591
What is the remainder when 2108548 is divided by 231?
211
What is the remainder when 5003832 is divided by 48580?
92
Calculate the remainder when 187389 is divided by 93679.
31
What is the remainder when 2377505 is divided by 763?
760
Calculate the remainder when 23030 is divided by 1125.
530
What is the remainder when 781823 is divided by 31?
3
What is the remainder when 348218 is divided by 612?
602
Calculate the remainder when 147864 is divided by 49265.
69
What is the remainder when 23367963 is divided by 2248?
3
What is the remainder when 1787789 is divided by 2856?
2789
What is the remainder when 369947 is divided by 195?
32
Calculate the remainder when 2273246 is divided by 234.
170
Calculate the remainder when 476168 is divided by 7104.
200
Calculate the remainder when 4574859 is divided by 1842.
1173
What is the remainder when 696624 is divided by 696310?
314
Calculate the remainder when 3223722 is divided by 54.
30
Calculate the remainder when 3849018 is divided by 620.
58
Calculate the remainder when 1628198 is divided by 54273.
8
What is the remainder when 414747 is divided by 59077?
1208
What is the remainder when 7340004 is divided by 2446655?
39
Calculate the remainder when 50142 is divided by 1437.
1284
What is the remainder when 191230 is divided by 27241?
543
What is the remainder when 28810894 is divided by 19?
16
What is the remainder when 975337 is divided by 357?
13
Calculate the remainder when 3518704 is divided by 154.
112
Calculate the remainder when 17932961 is divided by 8966473.
15
What is the remainder when 25613089 is divided by 290?
289
Calculate the remainder when 306793 is divided by 980.
53
Calculate the remainder when 8668763 is divided by 1938.
89
What is the remainder when 55695156 is divided by 10823?
10821
Calculate the remainder when 125449 is divided by 4369.
3117
Calculate the remainder when 386129 is divided by 17547.
95
What is the remainder when 99626602 is divided by 231?
229
What is the remainder when 52541 is divided by 2544?
1661
Calculate the remainder when 621041 is divided by 310508.
25
Calculate the remainder when 1537590 is divided by 2651.
10
Calculate the remainder when 468336 is divided by 5859.
5475
Calculate the remainder when 1725535845 is divided by 148.
145
What is the remainder when 12412902 is divided by 144336?
6
What is the remainder when 1360015 is divided by 68?
15
Calculate the remainder when 23020958 is divided by 852627.
29
What is the remainder when 35425 is divided by 2103?
1777
Calculate the remainder when 2402565 is divided by 1512.
1509
What is the remainder when 1359676 is divided by 240?
76
Calculate the remainder when 256291 is divided by 127916.
459
What is the remainder when 201332 is divided by 50317?
64
Calculate the remainder when 14501262 is divided by 43.
28
What is the remainder when 63198 is divided by 103?
59
What is the remainder when 18476638 is divided by 32?
30
Calculate the remainder when 305872 is divided by 352.
336
Calculate the remainder when 804245 is divided by 102.
77
What is the remainder when 498475 is divided by 99613?
410
Calculate the remainder when 54792567 is divided by 1152.
1143
What is the remainder when 1148478 is divided by 9043?
17
Calculate the remainder when 188488867 is divided by 2574.
2569
Calculate the remainder when 7618507 is divided by 19046.
107
Calculate the remainder when 47239931 is divided by 23619897.
137
What is the remainder when 31096094 is divided by 66?
62
What is the remainder when 178645234 is divided by 2382?
2380
What is the remainder when 67503207 is divided by 22501069?
0
What is the remainder when 2803208 is divided by 300?
8
What is the remainder when 8422321 is divided by 4615?
4561
What is the remainder when 317386 is divided by 298?
16
Calculate the remainder when 94687 is divided by 5895.
367
Calculate the remainder when 1257991 is divided by 3847.
22
What is the remainder when 46417 is divided by 23184?
49
Calculate the remainder when 153143 is divided by 2876.
715
Calculate the remainder when 204650 is divided by 11.
6
Calculate the remainder when 2810080 is divided by 74.
4
Calculate the remainder when 1047193 is divided by 1241.
1030
Calculate the remainder when 305637 is divided by 8260.
17
Calculate the remainder when 365238 is divided by 1323.
90
Calculate the remainder when 47110 is divided by 5037.
1777
Calculate the remainder when 74376 is divided by 8182.
738
What is the remainder when 1219446 is divided by 17175?
21
What is the remainder when 5759211 is divided by 54849?
66
Calculate the remainder when 1500418 is divided by 478.
454
Calculate the remainder when 1025785 is divided by 228.
13
What is the remainder when 46199796 is divided by 25?
21
What is the remainder when 27006 is divided by 1081?
1062
What is the remainder when 57771459 is divided by 58?
37
Calculate the remainder when 3952344 is divided by 719.
1
Calculate the remainder when 635487 is divided by 1696.
1183
What is the remainder when 165616 is divided by 82332?
952
Calculate the remainder when 18689307 is divided by 480.
27
What is the remainder when 418708 is divided by 810?
748
What is the remainder when 4189377 is divided by 3001?
2982
Calculate the remainder when 2910012 is divided by 2089.
35
Calculate the remainder when 60363 is divided by 2149.
191
Calculate the remainder when 129439 is divided by 2132.
1519
What is the remainder when 636411 is divided by 30?
21
What is the remainder when 28983338 is divided by 63?
62
Calculate the remainder when 2192182 is divided by 4474.
4396
Calculate the remainder when 1493589 is divided by 4092.
9
Calculate the remainder when 35474811 is divided by 236.
235
Calculate the remainder when 1386476908 is divided by 2583.
2581
Calculate the remainder when 8091753 is divided by 773.
762
What is the remainder when 830052 is divided by 158?
78
What is the remainder when 27456 is divided by 13204?
1048
Calculate the remainder when 27798 is divided by 128.
22
Calculate the remainder when 263880 is divided by 65604.
1464
Calculate the remainder when 2212176 is divided by 54.
12
Calculate the remainder when 22180426 is divided by 62130.
16
What is the remainder when 1183658 is divided by 244?
14
Calculate the remainder when 4771778 is divided by 22298.
6
What is the remainder when 14715293 is divided by 314?
311
What is the remainder when 11635762 is divided by 23?
16
Calculate the remainder when 123712 is divided by 39926.
3934
Calculate the remainder when 873491 is divided by 44.
3
Calculate the remainder when 71381 is divided by 1530.
1001
What is the remainder when 4004266 is divided by 667377?
4
What is the remainder when 4188371 is divided by 3388?
803
Calculate the remainder when 472235 is divided by 94438.
45
What is the remainder when 75820606 is divided by 37910273?
60
Calculate the remainder when 97929 is divided by 3373.
112
What is the remainder when 31533 is divided by 14138?
3257
What is the remainder when 268362 is divided by 44719?
48
What is the remainder when 67605772 is divided by 204?
172
What is the remainder when 7460246 is divided by 147?
143
Calculate the remainder when 845079 is divided by 211105.
659
Calculate the remainder when 30421891 is divided by 1872.
19
What is the remainder when 28795228 is divided by 1235?
1203
Calculate the remainder when 231552 is divided by 946.
728
What is the remainder when 484037 is divided by 21858?
3161
Calculate the remain